ppose -5*j + 3*v = -258, -j + 0*v - 5*v = -74. Calculate the highest common divisor of 27 and j.
27
Let n = -4 + 7. Suppose -2*y - n*y = 5*b + 25, 4*y = -3*b - 16. Let j = 13 - y. Calculate the greatest common factor of 14 and j.
14
Let z(h) = 2*h + 4. Let r(y) = 1. Let k(g) = -4*r(g) + 2*z(g). Let d be k(3). Calculate the highest common divisor of 2 and d.
2
Suppose -2*l - 5*d = 22, -2*d = -l - 4*d - 12. Let b = -9 - l. What is the greatest common factor of 28 and b?
7
Suppose -245 = -5*h - 0*h. Suppose 7*q + 289 = -397. Let n be 42/q - (-52)/7. Calculate the greatest common factor of n and h.
7
Suppose 0 = -u - 4*n - 6, 5*u + 5*n + 6 + 9 = 0. Let k be (-202)/(-10) - u/(-10). Suppose 2*j = 81 + 19. Calculate the greatest common factor of j and k.
10
Let r be (5 + -4)/((-2)/(-22)). Let h(g) = 4*g**2 + 2*g. Let q be h(-2). Let m be q/8*(-22)/(-3). What is the highest common factor of r and m?
11
Let k be (18/4)/((-66)/(-616)). Calculate the highest common factor of 462 and k.
42
Let p = 5 + 5. Let n be 22 + 0 + -3 - -1. Calculate the greatest common divisor of n and p.
10
Suppose -5*z - 4*c = -3 + 2, 2*c + 6 = 4*z. Let u = 16 - 17. Let t be 37 + z*(u + 3). What is the highest common factor of t and 26?
13
Let x = 9 - 3. Calculate the highest common divisor of x and 6.
6
Let d be (-5)/(-15) - 772/(-6). Let a = -25 + d. Calculate the greatest common factor of a and 13.
13
Suppose 5*v = 3*d + 10, -6 = 3*v - 6*v + 4*d. Suppose v*x = 7*x - 375. Let h be x/1 - (1 - 3). What is the greatest common divisor of 11 and h?
11
Suppose -2*c - 4 = -3*i, -i - 8 = -6*i + 3*c. What is the highest common divisor of i and 8?
4
Let s(u) = 3*u**2 - 4*u**2 - 11*u**3 - 4*u + 9*u + 2. Suppose 2*p + 15 = -3*p. Let i be s(p). What is the greatest common factor of i and 25?
25
Let v be 24/(-36) - (-1 + (-5)/3). Calculate the highest common divisor of v and 32.
2
Suppose -2*n - 2*n - 192 = 0. Let f = 0 - n. What is the greatest common factor of f and 6?
6
Let a be (33/6)/(2/4). Let o(q) = 18*q - 3. Let i = -4 + 6. Let m be o(i). What is the greatest common divisor of m and a?
11
Let g be 20*(-3 - 15/(-2)). Calculate the greatest common divisor of g and 18.
18
Suppose -2*w + c + 6 = 0, -2*w - 3*w + 14 = -3*c. What is the greatest common divisor of 2 and w?
2
Suppose -n + 0*q - 4*q - 13 = 0, 1 = 3*n + 2*q. Suppose -n*m - 135 = -24. Let l = -24 - m. Calculate the greatest common divisor of l and 39.
13
Let r(o) = o**2 - o. Let v(s) = -s**3 + 12*s**2 + 12*s - 1. Let k(y) = -2*r(y) + v(y). Let b be k(11). Calculate the greatest common divisor of b and 8.
8
Suppose 72 = 5*h + v, -4*h + 2*v + 75 = -3*v. Let x be h/2 + 3/6. Suppose -r = -z - x + 90, z + 5*r = 100. What is the greatest common factor of z and 17?
17
Suppose 0*n = -2*n + 2. Let q(y) = -y - 4. Let d be q(-7). Calculate the highest common factor of d and n.
1
Let u be ((-9)/6)/(6/(-88)). Suppose -u = i - 5*s, 4*s - 26 = 3*i - 4. Let g be i/(-5) + (-112)/(-20). What is the greatest common factor of g and 6?
6
Let j be -26*(33/(-6) - -4). Calculate the highest common divisor of 39 and j.
39
Let u(w) = w + 14 - 4 - 4*w + 2*w. Let h be u(-10). Calculate the highest common divisor of 50 and h.
10
Suppose -3*m - 2*w + 23 = -0*m, -2*m = 2*w - 16. Suppose m + 35 = 2*z. What is the highest common factor of z and 7?
7
Suppose -42 = -j + 32. Let t = j - 44. Calculate the highest common factor of t and 20.
10
Let h = -48 - -208. Calculate the greatest common factor of h and 32.
32
Let g(s) = 2*s - 6. Let a be g(4). Let z(r) = -r**3 + 4*r**2 + 8*r - 13. Let o be z(5). Calculate the greatest common factor of o and a.
2
Let g(v) = 52*v**2 + 2*v - 1. Let d be g(1). Let i = d + 97. Let p be i/22 + 8/44. Calculate the greatest common divisor of p and 7.
7
Let f be -2*3/3 + 87. Calculate the greatest common factor of 17 and f.
17
Let m(y) = 4*y - 2. Let z be m(3). Let b = 5 - 8. Let i be -46*b/6 - -2. What is the highest common divisor of z and i?
5
Suppose 3*b = -2*o + 74, 4*o - 5*o + 48 = 2*b. Calculate the highest common divisor of b and 11.
11
Suppose 5*s + 0*s - 120 = 0. Calculate the highest common factor of 6 and s.
6
Let x(a) = 1 + 51*a**2 + 36*a**2 + 35*a**2. Let o be x(1). Let r = 219 - o. What is the highest common factor of 16 and r?
16
Let n = 2 - -4. Calculate the greatest common divisor of 54 and n.
6
Suppose -5*l - 10 = 0, 3*m - 5*m = 5*l - 50. Suppose -1 = -3*f + 59. What is the highest common factor of m and f?
10
Let z = 10 - -5. Suppose -5*k + 3*j + 33 = 0, -2*k + k + 2*j + 8 = 0. What is the highest common divisor of z and k?
3
Let p be (72/(-28))/((-4)/28). Let c be 6/p - 64/(-6). Calculate the greatest common factor of 110 and c.
11
Suppose -113 = -2*x - 3*i + 4*i, 4*x - 220 = -4*i. Calculate the highest common divisor of x and 84.
28
Let m(c) = -c**3 - 6*c**2 + 11*c - 6. Let x be m(-8). What is the greatest common factor of 51 and x?
17
Let s(f) = f**2 + 4*f - 1. Let z be (-176)/28 - 2/(-7). Let q be s(z). Let u be (-1 + (-13)/(-2))*22. What is the greatest common divisor of u and q?
11
Suppose -5*n = -68 + 8. What is the greatest common factor of n and 96?
12
Suppose 50 = 2*o + 8. What is the greatest common factor of o and 14?
7
Suppose -x - 23 = -128. Suppose 2*r + r = 3*o - 9, -5*r + 15 = o. Suppose 4*w = 2*w - r, 3*f = -w + 44. Calculate the highest common factor of x and f.
15
Let a = 111 + -51. Let d be 222/9 - (-2)/(-3). What is the greatest common divisor of d and a?
12
Suppose 4*a + 24 = 4. Let f = 4 - a. Suppose -2*y - 19 = -2*t + 3, -4*t - 4*y = -28. What is the greatest common divisor of t and f?
9
Suppose 0 = 4*m - 96. Let o = 128 - 125. Calculate the highest common factor of o and m.
3
Let l = 4 - 31. Let x be (-6)/l - (-752)/18. Let r = 78 + -50. Calculate the greatest common divisor of r and x.
14
Let z = -34 - -53. Calculate the greatest common factor of z and 95.
19
Let x(j) = -16*j**2 + j. Let a be x(1). Let u = a + 39. Let w be (18/(-4))/(9/(-12)). Calculate the greatest common factor of u and w.
6
Let t(w) = -w**3 - 9*w**2 - 3*w - 13. Let i be t(-9). Calculate the highest common divisor of i and 112.
14
Let b be (-1)/((-1)/37) + -3. Suppose 5*l - 3*y - 133 + 27 = 0, 2*l - b = -3*y. Calculate the greatest common factor of l and 50.
10
Let u be 3/2*4/3. Suppose -2*h = -u - 0. Let z be (h - 3 - -18) + -2. What is the greatest common divisor of 98 and z?
14
Let w(f) = 122*f**2 - f. Let h be w(1). Let l be 33/6*1*2. What is the greatest common divisor of l and h?
11
Suppose 3*j + 6 = 4*j. Let u = j + 7. Suppose 2*v = u - 3. What is the highest common divisor of 5 and v?
5
Let m(z) = 2*z - 12*z + z. Let a be m(-5). Let k(l) = -l**2 + 30. Let t be k(0). What is the greatest common divisor of t and a?
15
Suppose -3*t - 222 = -4*r, -5*t - 6 = -2*t. Calculate the greatest common factor of 108 and r.
54
Suppose i + 4*d = 3, -3*d - 2 = 3*i + 16. Suppose -3*q - 18 = -63. Let a = i + q. What is the highest common divisor of a and 4?
2
Let z(c) = -9*c - 2. Let d be z(-1). What is the highest common factor of d and 28?
7
Let u be ((-184)/32)/(2 + -1)*-4. Let w(p) = -3*p + 0*p + p - 1 - 22*p**3. Let a be w(-1). Calculate the highest common divisor of a and u.
23
Let n be -4*(3 - 57/12). What is the greatest common factor of n and 63?
7
Let a(p) be the third derivative of p**6/120 - p**5/20 - p**4/12 + p**3/2 + 3*p**2. Let o be a(6). What is the highest common factor of 9 and o?
9
Let b = 35 + -25. Let l be (-322)/(-21)*(1 + -4). Let z = -21 - l. Calculate the highest common divisor of b and z.
5
Let p be 0 - 0 - (1 + -56). Suppose g + 1 = -0*g. Let d be (1 - 1) + 23 + g. What is the highest common divisor of p and d?
11
Let p be 12/(-54) - 796/(-18). What is the greatest common factor of p and 22?
22
Let x(d) = -d + 1. Let o be x(-2). Suppose -o*p + 80 = 2*p. Let j = p + -10. Calculate the greatest common factor of 48 and j.
6
Let h(m) = -m**2 - 4*m + 3 + 4 + 4*m**2. Let o be h(6). Let c(t) = t**3 - 7*t**2 + 2*t - 1. Let x be c(7). Calculate the highest common factor of o and x.
13
Let m = -8 + 14. What is the highest common factor of m and 6?
6
Suppose k = -4, -3*k + 22 + 32 = 3*j. Suppose -2*s + 2 + 8 = 0. Suppose s + 3 = 4*l. What is the greatest common divisor of l and j?
2
Let l(j) = j - 6. Let w be